 be i(-10). Let t = 256 + s. Suppose 6*q - 183 = t. What is the units digit of q?
9
Let d(g) = -g**3 - 4*g**2 - 8*g + 8. Let k be d(-7). Let z = k + -151. What is the tens digit of z?
6
Let g = 1024 + -431. What is the tens digit of g?
9
Let c(j) = -j + 16. Let w(d) = d**2 - 7*d + 4. Let i be w(5). Let q = i - -14. What is the units digit of c(q)?
8
Suppose -8 - 12 = -4*i. Suppose -n + 0*n = 3*b + 7, -3*b = -i*n + 37. Suppose -4*w = n*g - 2 - 21, 4*g - 16 = -2*w. What is the units digit of g?
3
Suppose 0 = -5*a - k + 104, 2*k - 76 = -4*a + 12. Let d be a/(-3) + 4/6. Let w = d - -17. What is the units digit of w?
1
What is the units digit of (-2370)/(-45)*99/6?
9
What is the hundreds digit of 44/1078 + (-1383552)/(-294)?
7
Suppose 3*j - 340 = 2*j - 4*z, 3*z + 368 = j. Suppose 0 = 3*l + 3*s - 228, 0 = -5*l + s + 2*s + j. What is the units digit of l?
3
Suppose 504 = -14*l + 10*l. Let q = l + 270. Suppose 4*v - 4*o = -2*o + q, -146 = -4*v + 3*o. What is the tens digit of v?
3
Let f be (2 - 0 - 0) + 26. What is the units digit of (-993)/(-21) + (-8)/f?
7
Let j = 123 + -54. Suppose -3*v + j = -222. What is the tens digit of v?
9
Suppose v + 3*r + 44 - 8 = 0, v = 5*r - 36. Let q = 26 + v. Let f = 14 + q. What is the units digit of f?
4
Let b(s) = -s**3 + 29*s**2 - 52*s + 20. What is the hundreds digit of b(16)?
5
What is the tens digit of (942 - -14) + (-2 - -1)?
5
Let n(i) = i**3 + 15*i**2 + 8*i + 11. What is the tens digit of n(-14)?
9
Suppose 5*s = -5*h + 21355, -24*s + 17049 = 4*h - 27*s. What is the tens digit of h?
6
Suppose 5*s + 3925 = 5*o, 9*o - 4*s = 12*o - 2362. What is the units digit of o?
6
Let h(r) = 59*r + 7. Let x be h(3). Suppose 0 = 2*q - 4*w - x, 0 = 5*q - w - 3*w - 490. What is the units digit of q?
2
Suppose 2*b + 4746 = 2*l, -34*b + 35*b + 7117 = 3*l. What is the tens digit of l?
7
Let y be 4 + (-3 - -5) + -1. Suppose y*o = 4*o. Suppose c = -o + 3. What is the units digit of c?
3
What is the hundreds digit of (2 - 1)*-1 - (-821 - -9)?
8
Let g = 29 + -15. Suppose 13*y - g*y = -1904. What is the tens digit of y/40 + (-6)/10?
4
What is the tens digit of (8 + (90 - 9))/(2/6)?
6
Let y(w) = 4*w - 3. Let j be y(-4). Let d = -14 - j. Suppose -86 = -4*u - 2*x, -d*x = 3*u - u - 31. What is the units digit of u?
3
Suppose -10*h + 17*h - 14 = 0. Let x = 2 - 0. Suppose -x*c + 2*j + 54 = -0*j, -h*c - 4*j = -78. What is the tens digit of c?
3
Suppose 12 = 4*d, -7*b + 3*b - d = -1383. What is the tens digit of b?
4
Let i = 1475 + -672. What is the tens digit of i?
0
Let a(u) = -515*u - 7. What is the units digit of a(-1)?
8
Suppose -6*g + 11*g - 75 = 0. What is the units digit of 6/g + (-834)/(-15)?
6
Let n(h) = -h**3 - 10*h**2 - 10*h + 2. Let p be n(-9). Suppose -f + 45 = p. What is the tens digit of f?
3
Suppose -r + 2*r = 5. Let y(c) = -c**2 + 2*c + 1. Let b be y(1). Suppose 7 + 6 = d + b*v, 0 = r*d - 5*v - 140. What is the tens digit of d?
2
Let i(j) = 17*j**2 + 55*j - 11. What is the tens digit of i(-8)?
3
Suppose -2*v = 170 - 416. Suppose -v = -3*l + 3*h, 0 = 2*l + h + h - 70. Suppose 4*z - 2*z = -t + 4, 4*t - 3*z - l = 0. What is the units digit of t?
8
Let r(g) = -9*g**3 - 2*g**2 + 5*g + 3. Let w(c) = -18*c**3 - 5*c**2 + 10*c + 6. Let q(i) = 5*r(i) - 2*w(i). What is the units digit of q(-2)?
5
Suppose -66*k = 35*k - 186446. What is the hundreds digit of k?
8
Suppose -25*v + 13486 = -3*v. What is the tens digit of v?
1
Suppose 4*x = 2*x. Let l be (x - 0)*2/4. Suppose l = 12*m - 9*m - 6. What is the units digit of m?
2
Suppose -3 = n + 1. Suppose -6*u + 33 = -9*u. What is the units digit of u/(1*(n - -3))?
1
Let c = -4332 + 6370. What is the units digit of c?
8
Let h = -850 + 845. Let r(i) = 2*i + 11. Let z(w) = 4*w + 22. Let k(x) = 5*r(x) - 2*z(x). What is the units digit of k(h)?
1
Suppose -50*f + 27*f + 13225 = 0. What is the tens digit of f?
7
Let z(r) = -r**3 - 9*r**2 + 2. Let d be z(-9). What is the hundreds digit of d/(-8) + (-1779)/(-12)?
1
Let s = 59 + -51. What is the tens digit of -319*(s/(-7) + (-2)/(-14))?
1
Let y(g) = g**3 + 10*g**2 - 12*g. Let i be y(-11). Suppose 4*z + 2*j - 42 = -z, -z + i = 3*j. What is the units digit of z?
8
Let p(q) = -9*q - 13. Let j be 1/(-4) - (-31)/(-4). What is the units digit of p(j)?
9
Let f = 849 - -505. What is the thousands digit of f?
1
Let y(b) be the third derivative of b**6/180 - b**5/120 - b**4/12 - 3*b**2. Let w(x) be the second derivative of y(x). What is the units digit of w(2)?
7
Let c(b) = -3*b**3 + 2*b**2 - 18*b - 33. What is the units digit of c(-8)?
5
Suppose 4*b + 60 = 4*k, -6*k - 5*b = -10*k + 56. What is the units digit of k?
9
Suppose -5*w + 17002 - 1746 = -g, 2*w = 3*g + 6092. What is the thousands digit of w?
3
Let g be 0 + 0 + (-3)/((-6)/452). Suppose 0 = -3*z - 4*s + 748, 3*s = 3*z - g - 494. What is the units digit of z?
4
Let b be 123/1*(-3 - -4). Let y be b*(-1 + (-2)/(-3)). Let z = -24 - y. What is the units digit of z?
7
Let h = 151 + -148. Suppose 258 = 2*p - 2*f, 2*f - h*f - 258 = -2*p. What is the hundreds digit of p?
1
Let s(b) = 45*b**2 + b - 1. Let h be s(1). Suppose -3*j - 2*n + 4 + 31 = 0, -3*j + 3*n = -h. What is the tens digit of j?
1
Suppose 82 = 5*z + 5*i - 43, -2*i = 10. Let v be 4 + -6 - -14*4. Suppose 0*q - 2*q = 5*k - v, 2*q - z = k. What is the units digit of q?
7
Let l = -131 + 346. What is the hundreds digit of l?
2
Suppose -11*t + 935 = -1771. What is the tens digit of t?
4
Suppose -4*n = -2*n + 2*q, 4*n - 2*q = 0. Let c(i) = -2*i + 27. Let o be c(11). Suppose o*g + 0*g - 145 = n. What is the tens digit of g?
2
What is the units digit of (316/(-6))/((-8)/12)?
9
Let q(x) = x**3 + x**2 + 41. Let a(g) = g**3 + 5*g**2 - 7*g - 6. Let f be a(-6). What is the tens digit of q(f)?
4
Suppose -5*k = -25, 5*n + 0*k + 2*k = 5010. What is the thousands digit of n?
1
Let m(q) = -4*q - 1. Let y = -13 + 12. Let x be m(y). Suppose 0 = w + x*s - 3, 5*w - 15 = -0*s + 5*s. What is the units digit of w?
3
Let p(x) = -x**2 - 20*x - 35. Let d be p(-18). What is the units digit of -2 + -1 - (d - 137)?
3
Let m(i) = i**2 + 25*i - 258. What is the units digit of m(-50)?
2
Suppose -5*k = 65 - 605. What is the tens digit of (-207)/(-6)*9/(k/16)?
4
Suppose 5*x - 337 = 93. What is the tens digit of x?
8
What is the tens digit of 3375/11 - 8/(-132)*3?
0
What is the units digit of 1 + (-33)/27 - 1406/(-9)?
6
Let l = 100 + -4. What is the tens digit of l?
9
Suppose 0 = -3*v + j + 8, 2*v - 3*v = -3*j - 8. Suppose v*f + 317 = 5*k + 106, 2*k - 4*f - 78 = 0. What is the tens digit of k?
4
Let j(k) be the second derivative of -k**5/20 - 7*k**4/12 + 5*k**3/3 + 3*k**2 - 2*k. Let b be j(-8). Let c = 15 + b. What is the units digit of c?
5
Let s(o) = 5*o - 1. Let a(p) = p**2 + 1. Let h(b) = a(b) - s(b). Let r be h(3). What is the units digit of (4/(-5))/(r/160)?
2
Suppose 0*m + 2*m = 0. Let f(u) = u**2 - 22*u - 20. Let k be f(23). Suppose m = -3*z - z + 2*q + 132, -12 = -k*q. What is the tens digit of z?
3
Let v be (-8)/(6/(-3)) - 1*2. What is the units digit of 5/(10/87) + (-1)/v?
3
Let p(x) = -4*x + 22. Let h(u) = 1. Let c(b) = -5*h(b) - p(b). What is the units digit of c(8)?
5
Suppose 0 = 3*y - 9, 5*z - 4*y = -2*y - 81. Let l be (-1 - -1)*(-5)/z. Suppose -2*q + 70 = 4*d, l*q = -d - 3*q + 20. What is the units digit of d?
7
Suppose 3*v - 35 = 5*g, 0 = 4*v - 5*v. What is the tens digit of 2/g + (-2110)/(-35)?
6
Let d(s) be the third derivative of -s**4/12 - 2*s**3/3 + 2*s**2. Let o be d(-5). Let v = o + 27. What is the tens digit of v?
3
Suppose 0 = 3*f - x - 712, -15*f + 10*f - 2*x = -1183. What is the hundreds digit of f?
2
Suppose 35*d = 56*d - 36897. What is the thousands digit of d?
1
What is the tens digit of (6/(-9))/(-1*(-14)/(-30849))?
6
Let f be -7 + 5 + -1*3. Let i = 82 - f. Suppose -5*r + 168 = 3*c, 2*r - 4*c = 1 + i. What is the units digit of r?
6
Let p = -77 - -113. Let r = -22 + p. What is the units digit of (-4)/r + (-405)/(-21)?
9
Let r(d) = 23*d**3 - 6*d**2 + 10*d - 17. What is the units digit of r(5)?
8
Let s(n) = -n**2 - 8*n - 30. Let j be s(-12). What is the units digit of j/9*-6 - 0?
2
Suppose -12*s + 8*s = -24. Suppose -s*v = -7*v + 20. What is the tens digit of v?
2
Let t(a) = 1328*a**2 + 30*a + 31. What is the thousands digit of t(-1)?
1
Let b(q) = -q - 24